+ 8 + -9 + -1.
0
What is the value of 8 + -16 + 0 + 3?
-5
11 + (11 + (-4 - 1) - 11)
6
What is the value of -15 + 10 + 0 + 0 - -3?
-2
5 + (3 - -2) + 0 + -6
4
Calculate -5 + 4 + 2 - (3 - 2).
0
What is 4 - ((-5 + 4 - -3) + 2)?
0
What is -17 + 26 - (-2 - -16)?
-5
What is the value of -10 - (-6 - -1) - -4?
-1
-2 - (12 - 7 - (1 - -1))
-5
-14 - -7 - (-2 - 4)
-1
What is the value of -10 + 1 + (-46 - -50)?
-5
1 - ((-19 - -20) + 0 + -1)
1
What is (12 - 30) + (1 - -10)?
-7
Calculate (7 - 4 - 7) + (3 - -4).
3
(0 - (-4 - 1)) + -1 + -2
2
Evaluate (-4 - (-7 + 3 + 9)) + 0.
-9
Evaluate -3 + -1 + -2 + 3 - -1.
-2
What is the value of 2 - ((-9 - 7) + 9)?
9
Evaluate -1 + 0 - 7 - -2.
-6
2 + 0 + -1 + 1 + -4
-2
2 + (-1 + 1 - 1 - -4)
5
-3 + (6 - 4 - 4)
-5
-12 - (4 - ((4 - -4) + -2))
-10
What is the value of -1 - (3 - (1 + 4 - 6))?
-5
What is 3 + 2 + (-3 - (-3 - 3))?
8
(9 - 0) + (-13 - -10)
6
0 + -5 + 0 + (-2 - -3)
-4
-7 + 15 + -2 - 3
3
Calculate 3 - -1 - (20 - 11).
-5
13 - (0 + 12) - -6
7
Evaluate (-2 - -2) + 12 + -6 - 7.
-1
Calculate 9 - 4 - 5 - -5.
5
Evaluate 2 + 5 - 3 - (7 - 1).
-2
What is the value of 0 + -2 - ((6 - 4) + -5)?
1
What is (-3 - (1 + -1)) + -4 + 8?
1
Calculate (-10 - -3) + (5 - 1).
-3
What is 16 + -14 + 10 + -10?
2
-10 + 10 - -6 - (7 + -4)
3
What is 1 - (-14 - (9 + -7 - 8))?
9
Calculate -8 + (-5 - (-2 - 6)).
-5
What is the value of -14 + 5 + 14 - 15?
-10
Calculate -3 - (-3 - (1 - 0)).
1
Calculate (-6 - -2) + 5 + 3 - 11.
-7
What is 4 - (4 + (-1 - 3))?
4
Calculate (1 - -4) + (-8 - (-1 + -5)).
3
What is 3 + 4 + 1 + -4?
4
What is -2 - (-7 + 5 + -4)?
4
Calculate (2 - -1 - (-4 - -1)) + -5.
1
Calculate -6 + (7 - 9 - -6 - 8).
-10
What is -1 + (-20 + 10 - -5)?
-6
Evaluate 7 + (-1 - (8 - (-5 - -11))).
4
Evaluate -13 + (-11 - -4) + 14.
-6
What is -10 + (10 + -2 - 2)?
-4
Evaluate (19 - -3 - 18) + (2 - 0).
6
What is -6 + (1 - (-1 + -9))?
5
What is 5 + (1 - -3) + -4 + -8?
-3
What is -1 + (1 - (-2 - 0))?
2
Evaluate -2 + (-1 - -14) - 18.
-7
0 - (9 + -8 + 5 + 2)
-8
What is the value of 0 - (-10 + -2 + 6)?
6
What is -4 + 13 + (-9 - 7)?
-7
Evaluate (4 - 0 - (-1 + 4)) + -3.
-2
Evaluate -1 + -3 + 0 + 0.
-4
What is -2 - (-4 - 3 - (-1 - 12))?
-8
8 + (3 - 1) + -12
-2
Calculate (37 - 37) + (1 + 0 - 3).
-2
What is the value of (-1 - 4) + 17 + -12?
0
Calculate 3 - (6 + (-1 - (-4 - -5))).
-1
Evaluate 0 - 4 - 3 - -3 - -3.
-1
What is (-6 + 3 - 1) + 4?
0
Evaluate 0 + -5 + 10 + -9.
-4
What is the value of 55 + -52 + (3 - (1 + 0))?
5
Calculate -1 + (-2 - (1 + 1 + 0)).
-5
32 - 35 - (-9 - 1) - 12
-5
Evaluate -4 - (4 + -4) - -2 - 3.
-5
Calculate -4 + -1 - (5 + -3 + 1).
-8
What is (2 - -1) + (15 - 10) - 5?
3
Calculate -3 - (6 + -12) - 1.
2
(4 - (3 + 1)) + 0
0
-1 - 4 - (-62 - -64)
-7
What is 3 + 0 + -9 + 3 + 2?
-1
Calculate (5 + 3 - 8) + 5.
5
Calculate 190 + -185 - (2 + 0 - 0).
3
Calculate -12 + 22 + -12 + 6.
4
Calculate 3 + (-7 - -17 - 15).
-2
Calculate (-8 + 3 - -5) + 3.
3
What is -3 - -13 - (-8 - -7 - -3)?
8
(-8 - -6) + (-2 - 3)
-7
What is -4 - (0 + -4 + 2)?
-2
Calculate 5 + 10 + -4 + -3.
8
What is 1 + (-2 - 4) - (-140 + 133)?
2
What is the value of 9 - (-10 + 16 - 5)?
8
Calculate (9 + 4 - 10) + -13 + 2.
-8
Evaluate 4 + 0 + 3 + -6.
1
Calculate 9 + -7 + -1 + -2 - 5.
-6
Calculate 4 + (-8 - -12) + -3 + -1.
4
What is the value of 9 + -17 + (6 - -4)?
2
Evaluate (0 - 10) + 114 + -106.
-2
What is the value of (0 - 0) + 6 + -3 - 4?
-1
Evaluate (-4 - -1 - -5) + -7 + 3.
-2
12 - (26 + -12) - -3
1
Calculate 5 + (-3 + 6 - 11).
-3
What is -5 + 1 + 5 - 11 - -5?
-5
What is (4 - 4) + -2 + 5?
3
What is (75 - 83) + 1 + 2?
-5
What is 1 - (0 - 4) - 8?
-3
Evaluate 1 - (-11 - -15 - -6).
-9
4 + -2 - 6 - -6 - 3
-1
Evaluate (-1 - 12) + 123 + -116.
-6
Evaluate (-18 - 2) + 2 + 10.
-8
Calculate -55 + 64 + (-6 - -2).
5
Calculate -91 + 88 + 2 + (-1 - 0).
-2
Evaluate 2 + 2 + (4 - 8).
0
Evaluate (-5 - (-2 - -9)) + 7.
-5
What is 3 - (-14 + 9 - -2)?
6
What is the value of -43 + 37 + (-2 - -2)?
-6
What is the value of 3 + -1 + 3 + -2?
3
What is the value of 1 + (-2 - -2) + 2 + 2?
5
0 - -5 - (-24 - -22)
7
Evaluate 6 + 0 + -1 + -5.
0
Evaluate 1 + (-2 - -1) - (-5 - -8).
-3
(12 - 8) + 0 - 10
-6
What is the value of (1 - 0 - -2) + 6 + -8?
1
1 - (-1 - (2 + 1))
5
-1 - (-8 - (2 - 14))
-5
What is the value of 10 + -5 + (-2 - 0)?
3
(-1 - 2) + 10 + (-6 - 3)
-2
Evaluate -9 + 3 + -2 - -3.
-5
-5 + 8 + -9 + 2
-4
Calculate 0 - -3 - (-3 - -2).
4
Evaluate -12 + (2 - -5) - 4.
-9
-1 - (0 + -1) - (-144 - -140)
4
Evaluate 0 + 0 - (5 - (2 + 5)).
2
What is the value of (-2 - 3) + 4 - -4?
3
What is the value of 3 - (7 - (5 - -1))?
2
Evaluate 0 - (9 - (3 + 1) - 3).
-2
(10 - 5) + (-4 - -1) + -1
1
What is the value of -5 - 0 - (-2 + 1) - -1?
-3
Calculate 0 - -1 - (-2 - (-6 - -3)).
0
What is the value of 1 + -6 + (6 - 2)?
-1
(1 - 2 - -2) + 2 + -1
2
What is the value of -3 + 8 - (-2 - (-5 - 1))?
1
What is -3 + (2 - -8) + -9?
-2
Calculate -4 + (11 + -5 - -5) + -5.
2
11 - (8 + 8 - -1)
-6
What is the value of -2 + 7 + (6 - 5)?
6
Calculate 7 - (5 + (-1 - -5)).
-2
Calculate -11 + (7 - (-3 - -2 - -1)).
-4
What is -10 - (-12 - (2 + -2))?
2
What is the value of (-7 + 2 - -4) + 3 - 4?
-2
Evaluate 2 - 0 - (-18 - -9).
11
What is the value of 8 + 1 + (-2 - 2) - 3?
2
98 + -95 - (2 + (-1 - -1))
1
What is (10 - 11) + 12 - 2?
9
1 + 0 + -2 + 4 - 0
3
-2 - 0 - (-1 + -9 + 6)
2
What is -5 + -5 + (16 - -2) + -4?
4
Calculate -12 + -1 - ((-8 - 1) + 2).
-6
What is the value of 0 + 0 - (4 + 2 + -4)?
-2
-1 + 12 - (2 + 5)
4
What is the value of (-11 - 9) + 10 - (-1 - 1)?
-8
What is the value of 1 + 1 + (0 - 12 - -13)?
3
What is (0 - -2) + (-4 - -2)?
0
What is the value of 1 + 1 + (13 - 2) + -6?
7
What is the value of 7 + -12 + (1 - -7)?
3
What is the value of -3 + 0 + (1 - -1) - 2?
-3
What is (1 - 4) + -2 + 5?
0
Calculate 2 - (-1 + -1 + 3).
1
Calculate (-1 - 11) + 12 - 6.
-6
What is the value of 11 + -1 - (24 + -9)?
-5
What is 0 + (0 - (3 + 2 + -2))?
-3
Calculate (20 - 16) + (-3 - -1) + 2.
4
8 + -9 + 0 + 6
5
What is (-3 - ((-1 - -5) + 1)) + 2?
-6
(4 - 7 - -4) + 2
3
Evaluate (9 - (2 + 7)) + -4 + -7.
-11
What is the value of 9 + 2 + -3 - (-7 + 10)?
5
What is 2 + -10 + -2 + 40 + -39?
-9
What is -10 + 8 + -3 + 4?
-1
What is (-12 - -11) + (-4 - -3)?
-2
-21 - (-24 + (-2 - -14))
-9
Calculate 1 + 1 + 2 + 0 + 3.
7
-1 - (-1 - (-1 + -1 + 7))
5
Calculate 2 + -2 - (-3 - (4 - 2)).
5
What is 3 + -11 - ((5 - 13) + 5)?
-5
Calculate 1 + -4 + 10 + (3 - 6).
4
Calculate 7 + (-5 - (-7 - -9)).
0
Evaluate -6 + (6 - (7 - (3 + -2))).
-6
What is (6 - 4 - 0) + 1?
3
Calculate -11 + 10 + -1 + 3.
1
6 + -1 - (9 + -28 - -33)
-9
Calculate 29 - 24 - (2 - (4 + -2)).
5
What is the value of 3 + 2 + -1 + -22 + 18?
0
What is -10 + (-2 - -6) + -6 - -6?
-6
Calculate -12 - (6 - 10) - (-1 + -2).
-5
Calculate -13 + 0 + (-13 - (5 + -20)).
-11
What is the value of 8 - ((3 - (-4 - -6)) + 3)?
4
Calculate 0 - 8 - (-2 - -2).
-8
What is the value of (1 - (8 - 9)) + (-8 - -1)?
-5
What is -6 + 1 + -1 + -6 + 2?
-10
Calculate -4 - (-9 + (3 - 3) + 3).
2
Calculate 8 + (0 - (2 - -2)).
4
-4 + ((3 - -3) + 2 - 6)
-2
What is 14 - 4 - (2 + (-2 - -5))?
5
What is 1 - 2 - (19 + 28 + -43)?
-5
Calculate (-3 - -1) + 4 - -1.
3
-76 + 82 - (-4 - (0 + 0))
10
22 + -20 + (-1 - 0 - -2)
3
Calculate (3 - 4) + -1 + (-1 - -1).
-2
What is the value of -6 + (-7 - -4 - -15) - 7?
-1
What is the value of -2 - 3 - (-24 + 7 - -5)?
7
(-15 - (-9 + 5)) + 6
-5
What is the value of 0 + (-15 - -11) + 0 + 3?
-1
Evaluate (-4 - (-4 - 2)) + -3.
-1
What is the value of -1 - (-4 + -1) - 4?
0
What is the value of 3 - (1 + -3 - 3)?
8
Evaluate -5 - -18 - (8 + -4).
9
Calculate (2 - (4 + -1)) + (2 - -2).
3
What is -2 + 2 + (-1 + 2 - 4)?
-3
-1 - (4 + -7 + 3 + 4)
-5
Evaluate (4 - 3 - 5) + (9 - 3).
2
What is the value of 7 + (4 + -4 - (-1 + 3))?
5
Evaluate 1 - (-1 + -2 + 10 + -11).
5
What is 4 + (-7 + 7 + -5 - -8)?
7
What is the value of (71 - 78 - (-1 - -1)) + 5?
-2
Evaluate -5 + -2 + (-4 - -2) + 4.
-5
What is the value of 15 - (3 + 3) - 6?
3
Calculate 8 + (-4 - (10 + -12)).
6
What is 3 + (-9 + 6 - 0)?
0
-4 - 0 - (-2 + (2 - 9))
5
What is the value of 1 + 7 + (-3 - 4)?
1
Calculate 13 - (6 - (-4 + 6)) - 6.
3
Calculate -3 + (0 - 0) + (3 - 0).
0
Calculate (-3 - 5) + (4 - 1 - -8).
3
What is the value of 3 + -3 - (-2 - (0 + -2))?
0
What is (-2 - (3 - 0)) + 7?
2
Evaluate 1 - (2 - 2 - 